NOAA-Style Climate Reports

Select a Year or Month report
2018: Jan Feb Mar Apr May Jun Jul Aug Sep Oct Nov Dec
2017: Jan Feb Mar Apr May Jun Jul Aug Sep Oct Nov Dec

Report for 2017 September

Daily noaa report



                            MONTHLY CLIMATOLOGICAL SUMMARY for SEP. 2017

NAME: PIMOHWEATHER   CITY: Tierra Bella STATE: Quezon City
ELEV: 16 LAT: 014:00:00 LONG: 0122:00:00

                            TEMPERATURE ( °C), RAIN (mm), WIND SPEED (kmh)

                                               HEAT     COOL           AVG
      MEAN                                     DEG      DEG            WIND                       DOM
DAY   TEMP    HIGH   TIME     LOW    TIME      DAYS     DAYS    RAIN   SPEED    HIGH    TIME      DIR
--------------------------------------------------------------------------------------------------------
01    27.7    32.3   13:17    24.9   05:03     00.0     09.4    04.3   02.0     24.1    16:15      SW
02    28.6    32.7   14:09    25.1   05:24     00.0     10.3    05.1   01.3     20.4    15:04      SW
03    29.3    34.7   14:09    25.3   06:07     00.0     11.0    00.0   01.0     16.6    15:04     WSW
04    29.1    33.1   14:13    24.6   00:00     00.0     10.8    00.0   00.6     12.9    11:24     NNW
05    16.9    25.3   03:04    10.0   23:29     01.4     00.0    205.7   00.5     25.9    13:13      W 
06    25.4    35.1   14:08    10.0   23:30     00.0     07.1    00.0   01.1     20.4    11:16      NW
07    27.6    36.5   12:09    10.0   23:29     00.0     09.3    00.0   00.7     16.6    12:30      N 
08    30.2    35.5   13:03    25.9   06:11     00.0     11.9    00.0   00.3     12.9    17:22      NW
09    29.7    36.3   14:02    24.6   05:30     00.0     11.4    00.0   00.5     12.9    15:14     NNW
10    30.2    36.0   13:15    24.5   06:07     00.0     11.9    00.0   01.2     20.4    11:12      N 
11    18.9    28.0   00:10    10.0   23:27     00.0     00.6    792.5   00.5     20.4    23:01      NW
12    23.1    26.3   00:00    10.0   08:11     00.0     04.8    154.4   39.3     284.9    08:11      E 
13    28.4    33.9   12:07    25.5   05:12     00.0     10.1    00.3   02.4     24.1    11:14     SSE
14    29.0    35.0   12:20    24.5   06:05     00.0     10.7    00.0   01.0     12.9    12:28      S 
15    29.2    34.6   14:05    25.5   06:12     00.0     10.9    00.0   00.7     16.6    12:15      NW
16    28.6    35.4   14:25    24.9   19:29     00.0     10.3    01.0   01.2     24.1    17:04     NNW
17    28.3    35.2   13:10    24.2   19:11     00.0     10.0    29.7   01.5     16.6    12:16     NNW
19    27.3    35.6   11:26    24.0   00:00     00.0     09.0    13.0   00.3     12.9    13:08     WNW
20    24.8    33.7   10:15    23.7   22:09     00.0     06.5    86.4   00.2     12.9    14:09     NNW
21    27.7    35.1   13:16    23.5   03:26     00.0     09.4    00.3   00.3     12.9    18:01      W 
22    27.6    35.2   11:16    24.6   06:08     00.0     09.3    17.5   00.2     12.9    14:09      W 
23    26.1    30.3   11:24    24.0   06:05     00.0     07.8    07.1   00.4     12.9    10:26      S 
24    28.8    35.6   15:18    22.5   05:23     00.0     10.5    00.3   00.4     16.6    13:17      S 
25    27.4    34.2   10:24    24.8   04:08     00.0     09.1    02.3   00.8     20.4    09:04      N 
26    26.1    32.2   09:23    23.9   05:07     00.0     07.8    14.2   00.2     07.4    15:00     WNW
27    26.7    35.9   13:13    10.0   06:23     00.0     08.4    00.0   40.6     284.9    06:23      E 
28    28.6    32.9   13:04    25.3   06:16     00.0     10.3    00.3   00.5     12.9    22:16      W 
29    27.0    32.3   15:19    24.2   05:29     00.0     08.7    00.0   00.3     12.9    01:19     NNW
30    26.3    33.7   11:23    24.6   05:12     00.0     08.0    10.9   00.1     07.4    13:19      W 
--------------------------------------------------------------------------------------------------------
27.1 (27.5)   36.5  day 07     10.0  day 27   001.4    255.5   1433.7   03.5     284.9   day 27     ENE
Max >=  30: 26
Min  2mm) 5 (> 20mm)



www.000webhost.com