NOAA-style Reports

Select a Year or Month report
2018: Jan Feb Mar Apr May Jun Jul Aug Sep Oct Nov Dec
2017: Jan Feb Mar Apr May Jun Jul Aug Sep Oct Nov Dec

Report for 2017 April

                            MONTHLY CLIMATOLOGICAL SUMMARY for APR. 2017

NAME: PIMOHWEATHER   CITY: Tierra Bella STATE: Quezon City
ELEV: 48 LAT: 014:00:00 LONG: 0122:00:00

                            TEMPERATURE ( °C), RAIN (mm), WIND SPEED (kmh)

                                               HEAT     COOL           AVG
      MEAN                                     DEG      DEG            WIND                       DOM
DAY   TEMP    HIGH   TIME     LOW    TIME      DAYS     DAYS    RAIN   SPEED    HIGH    TIME      DIR
--------------------------------------------------------------------------------------------------------
01    27.0    33.3   14:37    23.6   06:37     00.0     08.7    04.0   01.8     05.5    22:22     ESE
02    26.7    32.7   02:38    21.4   10:08     00.0     08.4    07.1   01.9     07.4    13:52      SE
03    27.1    32.4   14:52    23.4   06:37     00.0     08.8    02.0   01.9     07.4    14:52      SE
04    26.9    32.9   14:07    22.8   11:59     00.0     08.6    00.0   01.7     07.4    14:37     ESE
05    27.1    32.6   12:22    23.6   06:42     00.0     08.8    00.0   02.3     07.4    16:12      E 
06    27.2    32.6   15:37    21.4   10:26     00.0     08.9    00.0   02.0     07.4    15:37      SE
07    28.2    33.9   13:52    21.4   12:38     00.0     09.9    00.0   02.1     07.4    13:12      SE
08    27.9    33.7   13:07    21.4   04:57     00.0     09.6    00.0   02.2     07.4    15:22      E 
09    27.6    34.2   15:07    21.9   06:37     00.0     09.3    00.0   02.3     05.5    16:52     ESE
11    28.4    34.0   14:38    23.2   05:52     00.0     10.1    00.0   02.5     07.4    13:27     ESE
12    30.3    34.8   15:22    21.4   14:48     00.0     12.0    00.0   02.4     05.5    16:51      E 
13    27.3    33.1   15:22    23.3   06:22     00.0     09.0    01.0   01.7     05.5    16:37     ENE
14    27.6    33.3   14:37    24.2   06:21     00.0     09.3    28.8   01.8     07.4    14:07     SSE
15    28.2    32.7   13:07    23.6   08:02     00.0     09.9    28.7   02.7     07.4    17:27     ENE
16    27.8    33.7   13:51    23.2   05:36     00.0     09.5    03.0   02.2     07.4    13:51     ENE
17    28.5    34.6   14:07    23.2   06:21     00.0     10.2    00.0   02.2     07.4    15:51      E 
18    29.5    33.9   14:37    21.4   22:07     00.0     11.2    00.0   02.6     07.4    14:52     ESE
19    28.2    33.9   15:12    23.1   06:22     00.0     09.9    00.0   02.3     07.4    14:07      E 
20    28.3    34.2   14:22    24.1   00:00     00.0     10.0    00.0   02.6     07.4    17:07     ENE
21    26.5    31.9   13:07    22.9   04:51     00.0     08.2    11.1   01.8     05.5    16:06      NE
22    27.2    34.4   18:57    23.4   06:51     00.0     08.9    156.5   02.1     05.5    21:51     ENE
23    27.3    33.4   13:07    23.8   06:41     00.0     09.0    84.8   01.8     07.4    13:52     NNE
24    28.0    34.1   13:52    23.0   06:21     00.0     09.7    06.1   02.5     07.4    15:37     ENE
25    26.8    33.1   13:52    23.6   01:21     00.0     08.5    19.2   01.4     05.5    15:22     WSW
26    27.2    34.2   15:07    23.3   06:22     00.0     08.9    33.3   02.1     07.4    13:52      N 
27    26.9    34.4   13:57    23.5   19:22     00.0     08.6    46.5   01.8     07.4    14:37      W 
28    27.8    34.1   13:52    24.2   03:37     00.0     09.5    36.4   01.5     07.4    14:22     NNE
29    27.5    33.4   14:37    24.4   03:32     00.0     09.2    42.4   01.8     05.5    16:52     ENE
30    28.2    34.0   14:07    24.7   23:34     00.0     09.9    00.0   02.1     07.4    16:22      NE
--------------------------------------------------------------------------------------------------------
27.7 (28.3)   34.8  day 12     21.4  day 18   000.0    272.7   497.9   02.1     07.4   day 30      E 
Max >=  30: 29
Min <=   30: 29
Max Rain: 156.5 ON 22-04-17
Days of Rain: 16 (> .2mm) 14 (> 2mm) 8 (> 20mm)


www.000webhost.com