NOAA-Style Climate Reports

Select a Year or Month report
2018: Jan Feb Mar Apr May Jun Jul Aug Sep Oct Nov Dec
2017: Jan Feb Mar Apr May Jun Jul Aug Sep Oct Nov Dec

Report for 2017

Daily noaa report



                            YEARLY CLIMATOLOGICAL SUMMARY for Jan 2017

NAME: PIMOHWEATHER   CITY: Tierra Bella STATE: Quezon City
ELEV: 16 LAT: 014:00:00 LONG: 0122:00:00

                            TEMPERATURE ( °C), RAIN (mm), WIND SPEED (kmh)

                                                 HEAT     COOL           AVG
      MEAN                                       DEG      DEG            WIND                        DOM
MTH   TEMP    HIGH   TIME      LOW     TIME      DAYS     DAYS   RAIN    SPEED    HIGH    TIME       DIR
--------------------------------------------------------------------------------------------------------
01    25.7    34.2   12:04    19.6   06:26    0000.0    0220.7    12.0    01.8     25.9    18:09     ENE
02    25.8    35.4   11:28    18.8   06:13    0000.0    0202.1    32.0    01.7     35.1    14:24     ENE
03    27.4    38.2   13:28    20.1   06:07    0000.0    0236.6    191.0    01.5     25.9    15:17     ENE
04    27.6    34.8   15:22    21.4   22:07    0000.0    0268.4    00.0    02.1     07.4    23:54     ENE
05    26.5    37.9   16:09   -03.4   06:14    0060.9    0299.8    00.0    02.4     25.9    23:54     ENE
06    30.5    35.0   13:16    26.6   05:51    0000.0    0049.1    00.0    02.2     18.5    13:15     ENE
07    27.3    36.6   13:15    10.0   23:29    0000.0    0270.7    707.3    00.9     284.9    11:19     ENE
08    27.8    37.5   14:28    10.0   23:27    0000.0    0277.2    1332.2    00.8     33.3    11:26     ENE
09    26.7    36.5   12:09    10.0   06:23    0006.3    0260.7    1433.7    03.2     284.9    13:19     ENE
10    32.2    35.3   12:20    24.2   16:15    0000.0    0000.0    00.0    04.3     16.6    14:29     ENE
11    29.2    34.2   14:13    23.3   12:05    0000.0    0000.0    390.8    03.8     09.3    14:29     ENE
12    28.3    33.7   14:28    10.0   11:12    0000.0    0000.0    00.0    05.6     09.3    14:29      E 
--------------------------------------------------------------------------------------------------------
      27.6    38.2            -3.4            067.3     2085.3   4099.0     2.3     284.9               E 

Max >=  32.0: 205
Max 
www.000webhost.com