NOAA-Style Climate Reports

Select a Year or Month report
2018: Jan Feb Mar Apr May Jun Jul Aug Sep Oct Nov Dec
2017: Jan Feb Mar Apr May Jun Jul Aug Sep Oct Nov Dec

Report for 2017

Daily noaa report




                            YEARLY CLIMATOLOGICAL SUMMARY for Dec 2017

NAME: PIMOHWEATHER   CITY: Tierra Bella STATE: Quezon City
ELEV: 16 LAT: 014:00:00 LONG: 0122:00:00

                            TEMPERATURE ( °C), RAIN (mm), WIND SPEED (kmh)

                                                 HEAT     COOL           AVG
      MEAN                                       DEG      DEG            WIND                        DOM
MTH   TEMP    HIGH   TIME      LOW     TIME      DAYS     DAYS   RAIN    SPEED    HIGH    TIME       DIR
--------------------------------------------------------------------------------------------------------
01    26.0    34.3   12:43    19.8   06:44    0000.0    0222.5    12.0    01.4     29.6    15:29      E 
02    26.2    34.5   15:14    19.2   06:29    0000.0    0212.0    32.0    01.8     29.6    13:14     ESE
03    26.7    34.4   14:29    21.4   06:27    0000.0    0242.3    191.0    01.7     22.2    15:27      SE
04    27.6    34.8   14:14    21.9   06:30    0000.0    0268.0    00.0    02.0     22.2    15:13     ESE
05    27.6    34.6   14:42    22.1   06:12    0000.0    0278.3    00.0    01.7     22.2    14:15     ESE
06    26.7    35.6   14:00    21.3   04:13    0000.0    0242.9    00.0    01.6     35.1    22:30     ESE
07    26.6    34.9   14:29    22.1   05:28    0000.0    0238.2    707.3    01.8     27.8    21:13     ESE
08    26.9    34.8   13:29    21.9   04:29    0000.0    0248.7    1332.2    01.6     29.6    13:26     ESE
09    26.8    35.3   12:29    21.7   06:09    0000.0    0235.9    1433.7    01.8     25.9    15:26      E 
10    26.9    35.1   12:40    22.1   01:29    0000.0    0259.1    00.0    03.1     33.3    13:35      E 
11    27.0    34.2   13:44    22.3   06:14    0000.0    0257.9    390.8    01.6     27.8    14:29      E 
12    27.0    34.7   14:41    20.6   06:27    0000.0    0262.3    00.0    02.3     27.8    17:00      E 
--------------------------------------------------------------------------------------------------------
      26.8    35.6            19.2            000.0     2968.2   4099.0     1.9     35.2               E 

Max >=  32.0: 310
Max 
www.000webhost.com