NOAA-Style Climate Reports

Select a Year or Month report
2018: Jan Feb Mar Apr May Jun Jul Aug Sep Oct Nov Dec
2017: Jan Feb Mar Apr May Jun Jul Aug Sep Oct Nov Dec

Report for 2018 August

Daily noaa report



                            MONTHLY CLIMATOLOGICAL SUMMARY for AUG. 2018

NAME: PIMOHWEATHER   CITY: Tierra Bella STATE: Quezon City
ELEV: 16 LAT: 014:00:00 LONG: 0122:00:00

                            TEMPERATURE ( °C), RAIN (mm), WIND SPEED (kmh)

                                               HEAT     COOL           AVG
      MEAN                                     DEG      DEG            WIND                       DOM
DAY   TEMP    HIGH   TIME     LOW    TIME      DAYS     DAYS    RAIN   SPEED    HIGH    TIME      DIR
--------------------------------------------------------------------------------------------------------
01    28.1    33.3   15:01    24.3   02:17     00.0     09.8    09.4   01.1     24.1    13:06      SW
02    27.4    32.9   13:27    23.8   03:17     00.0     09.1    19.3   00.6     12.9    17:26      SW
03    27.9    33.5   14:01    23.8   06:07     00.0     09.6    00.0   01.0     16.6    14:07      SW
04    26.9    34.7   12:29    24.2   00:00     00.0     08.6    24.6   00.2     12.9    14:08     SSW
05    24.1    27.0   08:23    23.3   05:24     00.0     05.8    00.0   00.0     00.0    00:00      E 
06    24.1    25.5   23:59    24.0   16:39     00.0     05.8    00.3   00.0     03.7    23:59     ENE
07    26.5    33.3   10:08    23.6   05:23     00.0     08.2    12.7   00.5     16.6    09:03     SSW
08    27.0    32.2   13:14    23.7   06:03     00.0     08.7    05.1   00.8     20.4    20:19      SW
09    26.5    30.0   11:24    24.6   00:08     00.0     08.2    16.8   00.9     27.8    00:00      SW
10    22.5    27.6   13:24    10.0   23:29     00.0     04.2    65.5   01.6     27.8    00:03     WSW
11    25.1    26.9   03:28    23.5   20:10     00.0     06.8    250.7   02.4     37.0    16:05      SW
--------------------------------------------------------------------------------------------------------
26.0 (26.6)   34.7  day 04     10.0  day 10   000.0    084.8   361.4   00.8     37.0   day 11      SW
Max >=  30: 7
Min  2mm) 3 (> 20mm)



www.000webhost.com