NOAA-Style Climate Reports

Select a Year or Month report
2018: Jan Feb Mar Apr May Jun Jul Aug Sep Oct Nov Dec
2017: Jan Feb Mar Apr May Jun Jul Aug Sep Oct Nov Dec

Report for 2018 October

Daily noaa report



                            MONTHLY CLIMATOLOGICAL SUMMARY for OCT. 2018

NAME: PIMOHWEATHER   CITY: Tierra Bella STATE: Quezon City
ELEV: 16 LAT: 014:00:00 LONG: 0122:00:00

                            TEMPERATURE ( °C), RAIN (mm), WIND SPEED (kmh)

                                               HEAT     COOL           AVG
      MEAN                                     DEG      DEG            WIND                       DOM
DAY   TEMP    HIGH   TIME     LOW    TIME      DAYS     DAYS    RAIN   SPEED    HIGH    TIME      DIR
--------------------------------------------------------------------------------------------------------
01    30.3    33.1   14:27    28.5   23:28     00.0     12.0    28.3   08.2     20.4    18:06      W 
02    28.2    31.1   10:16    26.5   00:00     00.0     09.9    47.4   06.8     03.7    23:29      W 
03    27.5    28.6   19:11    24.6   00:00     00.0     09.2    49.5   06.9     09.3    23:24      W 
04    27.3    29.0   02:24    24.1   00:19     00.0     09.0    36.3   06.3     09.3    00:04      W 
05    29.8    35.8   14:24    25.4   08:00     00.0     11.5    34.3   05.2     09.3    02:10      W 
06    30.6    35.8   14:16    25.4   08:00     00.0     12.3    00.0   05.6     05.5    01:09      W 
07    30.6    36.4   13:28    25.4   07:25     00.0     12.3    00.0   05.4     07.4    06:09      W 
08    30.3    36.3   13:27    25.4   08:00     00.0     12.0    00.0   05.2     09.3    02:28      W 
09    29.6    37.2   14:23    10.0   08:01     00.0     11.3    05.0   05.3     14.8    08:01      W 
10    29.5    35.4   13:10    26.9   05:11     00.0     11.2    00.0   04.4     07.4    08:01      W 
11    30.9    37.5   15:19    26.5   06:27     00.0     12.6    02.0   05.3     07.4    23:19      W 
12    31.1    37.8   14:22    27.2   06:14     00.0     12.8    00.0   04.1     07.4    23:03      W 
13    31.0    36.8   14:18    27.1   06:08     00.0     12.7    00.0   05.3     07.4    22:32      W 
14    29.4    34.7   12:26    25.8   14:21     00.0     11.1    50.5   05.0     07.4    01:04      W 
15    26.2    35.2   14:06    10.0   18:22     00.0     07.9    06.1   05.3     286.8    18:22      W 
16    33.7    33.7   08:00    33.7   08:00     00.0     15.4    00.0   09.3     01.9    08:00      W 
17    33.1    33.7   21:04    27.0   23:28     00.0     14.8    07.2   08.5     11.1    23:21      W 
--------------------------------------------------------------------------------------------------------
30.0 (29.6)   37.8  day 12     10.0  day 15   000.0    210.1   235.3   06.1     286.8   day 18      W 
Max >=  30: 16
Min  2mm) 6 (> 20mm)



www.000webhost.com