NOAA-Style Climate Reports

Select a Year or Month report
2018: Jan Feb Mar Apr May Jun Jul Aug Sep Oct Nov Dec
2017: Jan Feb Mar Apr May Jun Jul Aug Sep Oct Nov Dec

Report for 2018 May

Daily noaa report



                            MONTHLY CLIMATOLOGICAL SUMMARY for MAY. 2018

NAME: PIMOHWEATHER   CITY: Tierra Bella STATE: Quezon City
ELEV: 16 LAT: 014:00:00 LONG: 0122:00:00

                            TEMPERATURE ( °C), RAIN (mm), WIND SPEED (kmh)

                                               HEAT     COOL           AVG
      MEAN                                     DEG      DEG            WIND                       DOM
DAY   TEMP    HIGH   TIME     LOW    TIME      DAYS     DAYS    RAIN   SPEED    HIGH    TIME      DIR
--------------------------------------------------------------------------------------------------------
01    30.0    32.4   17:04    27.7   05:19     00.0     11.7    00.5   06.4     24.1    20:08      S 
02    30.8    34.8   14:10    27.8   05:14     00.0     12.5    00.0   12.4     42.5    15:09      S 
03    30.6    34.4   14:11    27.8   05:28     00.0     12.3    00.0   08.9     44.4    14:27      S 
04    30.6    34.0   10:19    10.0   17:09     00.0     12.3    00.0   14.8     284.9    17:09     SSE
05    28.8    30.0   16:20    28.1   00:00     00.0     10.5    00.0   07.5     33.3    13:14     SSE
06    29.9    33.3   17:12    27.7   05:28     00.0     11.6    00.0   06.7     25.9    19:28      S 
07    29.8    34.1   14:07    10.0   06:05     00.0     11.5    00.0   12.5     284.9    06:05     WNW
08    29.7    32.9   11:14    26.6   20:07     00.0     11.4    00.0   09.2     29.6    16:30      SW
09    30.3    34.7   16:00    27.9   05:19     00.0     12.0    00.0   07.5     25.9    16:15      S 
10    29.9    34.2   12:27    26.6   05:09     00.0     11.6    06.1   07.8     29.6    09:06     SSE
11    30.0    33.6   14:11    27.8   06:04     00.0     11.7    00.0   07.5     33.3    17:21      S 
12    30.1    34.9   14:22    27.3   21:29     00.0     11.8    00.0   06.4     24.1    15:27      S 
13    30.4    34.5   15:01    26.6   04:16     00.0     12.1    00.0   09.9     38.9    15:04     SSE
14    30.9    34.7   14:26    28.3   05:25     00.0     12.6    00.0   07.1     27.8    17:29      S 
15    30.2    34.5   12:19    27.9   16:04     00.0     11.9    00.0   06.9     25.9    15:30      S 
16    30.6    34.7   14:12    28.4   06:23     00.0     12.3    00.0   09.7     35.1    13:04      S 
17    30.6    34.6   16:04    27.1   05:30     00.0     12.3    00.0   05.8     24.1    17:01     SSW
18    30.8    33.8   15:30    28.3   05:20     00.0     12.5    00.0   09.4     27.8    19:19      S 
19    30.6    34.4   13:20    28.1   05:28     00.0     12.3    00.0   10.4     29.6    15:05      S 
20    30.5    34.1   13:15    28.4   03:16     00.0     12.2    00.0   09.4     37.0    14:03      S 
21    30.3    33.6   14:26    27.4   05:19     00.0     12.0    00.0   08.1     37.0    16:22      S 
22    29.7    33.4   14:16    26.2   04:24     00.0     11.4    00.0   06.4     29.6    14:16     SSW
23    30.0    35.0   15:04    10.0   20:15     00.0     11.7    00.0   20.2     284.9    20:15     NNW
24    30.4    32.7   13:10    10.0   15:26     00.0     12.1    00.0   09.3     284.9    15:26     SSE
25    29.6    32.4   12:21    10.0   06:02     00.0     11.3    00.3   05.5     284.9    06:02     NNE
--------------------------------------------------------------------------------------------------------
30.2 (29.0)   35.0  day 23     10.0  day 25   000.0    297.5   006.1   09.0     284.9   day 25      S 
Max >=  30: 25
Min  .2mm) 1 (> 2mm) 0 (> 20mm)



www.000webhost.com