NOAA-Style Climate Reports

Select a Year or Month report
2019: Jan Feb Mar Apr May Jun Jul Aug Sep Oct Nov Dec
2018: Jan Feb Mar Apr May Jun Jul Aug Sep Oct Nov Dec
2017: Jan Feb Mar Apr May Jun Jul Aug Sep Oct Nov Dec

Report for 2019 January

Daily noaa report



                            MONTHLY CLIMATOLOGICAL SUMMARY for JAN. 2019

NAME: PIMOHWEATHER   CITY: Tierra Bella STATE: Quezon City
ELEV: 16 LAT: 014:00:00 LONG: 0122:00:00

                            TEMPERATURE ( °C), RAIN (mm), WIND SPEED (kmh)

                                               HEAT     COOL           AVG
      MEAN                                     DEG      DEG            WIND                       DOM
DAY   TEMP    HIGH   TIME     LOW    TIME      DAYS     DAYS    RAIN   SPEED    HIGH    TIME      DIR
--------------------------------------------------------------------------------------------------------
01    25.7    30.5   14:17    22.8   06:16     00.0     07.4    03.0   02.8     16.6    15:22     NNE
02    27.6    33.1   14:21    23.1   06:17     00.0     09.3    00.3   03.5     24.1    16:26      NE
03    26.6    30.5   12:26    24.2   06:21     00.0     08.3    00.3   03.2     20.4    17:02      N 
04    27.6    33.0   14:06    23.8   05:01     00.0     09.3    00.0   03.9     24.1    13:07     NNE
05    27.2    33.5   13:22    23.5   06:06     00.0     08.9    00.0   03.4     27.8    12:06     NNE
06    27.2    32.1   10:26    23.8   06:11     00.0     08.9    00.0   03.6     20.4    16:23      NE
07    26.3    31.9   13:08    23.4   06:19     00.0     08.0    00.0   04.0     27.8    14:19     NNE
08    27.1    33.1   15:04    22.3   05:27     00.0     08.8    00.0   04.6     24.1    14:07     NNE
09    27.1    33.1   11:28    23.3   05:17     00.0     08.8    00.0   04.5     24.1    11:04      N 
10    27.4    32.0   11:24    24.2   06:02     00.0     09.1    00.0   05.3     33.3    11:04     NNE
11    27.6    33.3   15:14    24.5   06:27     00.0     09.3    00.0   05.2     24.1    14:27      N 
12    27.6    32.1   14:02    23.9   06:17     00.0     09.3    00.0   05.0     27.8    15:19     NNE
13    26.4    28.9   10:07    23.8   06:12     00.0     08.1    00.0   03.9     24.1    15:07      N 
14    27.6    33.6   15:08    23.1   06:13     00.0     09.3    00.0   03.3     27.8    13:28      NE
15    27.7    33.6   12:28    23.0   06:13     00.0     09.4    00.0   04.0     20.4    12:03     ENE
16    27.0    32.1   14:09    23.1   06:03     00.0     08.7    00.0   05.2     24.1    16:14     NNE
17    26.6    31.8   13:04    22.3   06:04     00.0     08.3    00.0   04.1     20.4    17:08     NNE
--------------------------------------------------------------------------------------------------------
27.1 (27.8)   33.6  day 15     22.3  day 17   000.0    149.2   034.0   04.1     33.3   day 10     NNE
Max >=  30: 16
Min  .2mm) 1 (> 2mm) 0 (> 20mm)



www.000webhost.com